?
abca
Convert 7637 (base 11) to base 2.
10011101100011
What is 23330 (base 4) in base 6?
3312
What is 3034 (base 11) in base 14?
167c
What is 4853 (base 11) in base 13?
2b76
35a1 (base 11) to base 14
1a05
Convert -12415 (base 7) to base 4.
-303133
-3f3 (base 16) to base 7
-2643
-426 (base 7) to base 16
-d8
Convert -101111 (base 3) to base 16.
-11b
-13706 (base 9) to base 10
-9321
What is 2c4 (base 13) in base 12?
356
10a41 (base 11) to base 13
730a
Convert -101002121 (base 3) to base 6.
-54024
What is 133d (base 14) in base 7?
12606
What is -2201 (base 14) in base 12?
-34a1
Convert 1a519 (base 11) to base 4.
12332200
What is b51 (base 13) in base 11?
14a0
365c (base 13) to base 8
17002
1838 (base 15) to base 9
7148
Convert -12300 (base 6) to base 5.
-24321
What is 15145 (base 7) in base 3?
12202111
Convert -2003233 (base 4) to base 14.
-3103
What is 200222 (base 4) in base 15?
945
9c1 (base 15) to base 14
b38
What is -263 (base 15) in base 2?
-1000011111
-3cc8 (base 16) to base 3
-210100022
What is 565 (base 13) in base 8?
1640
What is -27b (base 13) in base 14?
-236
121202 (base 3) to base 2
111000100
85a1 (base 11) to base 5
330424
Convert 6a9 (base 14) to base 4.
110231
-61450 (base 7) to base 16
-3a84
30104 (base 5) to base 4
131300
What is 221110 (base 3) in base 13?
40b
What is -111001110001101 (base 2) in base 14?
-aacd
What is -9026 (base 11) in base 12?
-6b47
1784 (base 9) to base 6
10204
-10 (base 15) to base 2
-1111
Convert -122200221 (base 3) to base 16.
-3268
What is 24673 (base 8) in base 15?
3273
Convert -708 (base 11) to base 15.
-3c0
Convert -198 (base 16) to base 15.
-1c3
What is 33105 (base 6) in base 13?
2111
Convert -126a0 (base 12) to base 9.
-37473
113102 (base 4) to base 11
1135
What is -2706 (base 12) in base 6?
-32410
559e (base 15) to base 8
43345
What is 297f (base 16) in base 15?
3233
What is 223 (base 4) in base 13?
34
Convert 79cc (base 14) to base 11.
1498a
What is 1100100202 (base 3) in base 4?
12132023
What is -48aa (base 12) in base 11?
-617a
What is 7153 (base 8) in base 12?
2177
What is a22 (base 12) in base 9?
2008
-123142 (base 6) to base 13
-5072
Convert 312563 (base 7) to base 15.
10e18
-b4c (base 13) to base 5
-30143
Convert -1410b (base 16) to base 12.
-3b68b
Convert -c2d (base 14) to base 4.
-211121
What is -110120002 (base 3) in base 2?
-10001111000011
What is -12031 (base 4) in base 3?
-112201
1869 (base 11) to base 8
4506
What is -12155 (base 9) in base 6?
-101422
What is -3674 (base 8) in base 14?
-a16
Convert 226 (base 11) to base 5.
2040
What is 1000001000 (base 2) in base 10?
520
What is -11112 (base 10) in base 2?
-10101101101000
What is 4531 (base 6) in base 11?
887
-2be (base 16) to base 10
-702
What is -317 (base 11) in base 2?
-101111101
Convert 2661 (base 7) to base 3.
1101220
-81fb (base 16) to base 13
-121b8
3661 (base 7) to base 14
6d8
What is -22213 (base 4) in base 16?
-2a7
-801 (base 14) to base 12
-aa9
Convert 9a5 (base 15) to base 8.
4204
What is -14d0 (base 14) in base 15?
-1175
-164 (base 8) to base 2
-1110100
10000111011 (base 2) to base 16
43b
Convert 210013 (base 4) to base 11.
1811
Convert 709 (base 12) to base 3.
1101200
11402 (base 6) to base 4
121322
547 (base 8) to base 4
11213
10748 (base 11) to base 10
15540
Convert 1507 (base 14) to base 2.
111010010011
What is 4010 (base 8) in base 14?
a6c
662 (base 15) to base 12
a02
Convert a227 (base 11) to base 8.
32415
What is -19660 (base 12) in base 2?
-1001000101101000
Convert 1130 (base 4) to base 11.
84
What is 772b (base 15) in base 5?
1301431
What is 36117 (base 11) in base 2?
1100101101010000
1253 (base 6) to base 2
101000001
Convert -74c (base 14) to base 13.
-86a
10113 (base 5) to base 6
3014
Convert -11173 (base 13) to base 10.
-31021
Convert -a59 (base 12) to base 14.
-79b
What is -122122 (base 3) in base 10?
-476
101111010010 (base 2) to base 9
4132
What is -a73 (base 13) in base 3?
-2110002
Convert 2b00 (base 15) to base 10.
9225
Convert -509 (base 12) to base 9.
-1000
Convert 2073 (base 9) to base 11.
1166
Convert -9192 (base 13) to base 15.
-5e26
What is 10001111111000 (base 2) in base 12?
53b4
11101022 (base 3) to base 15
e2e
26416 (base 7) to base 13
32aa
What is 2443 (base 13) in base 5?
131000
What is -23231 (base 5) in base 2?
-11010011011
What is -8e99 (base 16) in base 10?
-36505
Convert 110000001011110 (base 2) to base 9.
36751
-38510 (base 9) to base 14
-9641
-74835 (base 9) to base 16
-c173
Convert 22203 (base 5) to base 3.
2010112
What is 20232330 (base 4) in base 16?
8bbc
-12130102 (base 4) to base 3
-1100012021
-174 (base 11) to base 7
-406
Convert -1001121100 (base 3) to base 15.
-62a3
Convert -63d (base 15) to base 3.
-1221011
What is -2240 (base 5) in base 14?
-18c
What is -126646 (base 8) in base 9?
-66873
Convert -c52 (base 13) to base 5.
-31340
Convert -2240 (base 5) to base 4.
-11000
-25 (base 7) to base 4
-103
Convert 11001001100 (base 2) to base 12.
b24
-203201 (base 4) to base 7
-6425
Convert -536 (base 9) to base 2.
-110110110
Convert 110424 (base 6) to base 10.
9232
124 (base 16) to base 8
444
-416 (base 8) to base 10
-270
What is 30200 (base 6) in base 3?
12102200
What is 1220001222 (base 3) in base 8?
110560
What is 144 (base 8) in base 13?
79
-502100 (base 6) to base 3
-1222222100
Convert 15405 (base 6) to base 5.
40100
-5257 (base 9) to base 11
-2999
Convert 416 (base 8) to base 14.
154
101000100000 (base 2) to base 8
5040
What is 10360 (base 9) in base 12?
3b76
Convert 12a01 (base 11) to base 6.
221414
Convert 100122 (base 3) to base 10.
260
Convert 35d9 (base 16) to base 10.
13785
103 (base 12) to base 9
173
What is 25576 (base 8) in base 11?
8402
10100201 (base 3) to base 7
10066
What is a50 (base 14) in base 12?
1212
-10143 (base 7) to base 8
-4661
1043 (base 7) to base 14
1ca
What is -2022100 (base 3) in base 2?
-11010010011
245 (base 14) to base 5
3303
Convert -38c9 (base 13) to base 11.
-6101
What is -560 (base 13) in base 10?
-923
-6a (base 16) to base 5
-411
What is 4301 (base 10) in base 2?
1000011001101
Convert 2450 (base 7) to base 16.
395
Convert -10152 (base 7) to base 5.
-34422
-19062 (base 10) to base 6
-224130
152b (base 12) to base 15
b08
What is 68b (base 12) in base 4?
33023
What is 255 (base 13) in base 11?
341
What is -98a (base 11) in base 12?
-82b
What is -19c (base 15) in base 5?
-2442
-3216 (base 15) to base 12
-6170
-13402 (base 6) to base 13
-c4a
-115 (base 10) to base 12
-97
What is -10011011 (base 3) in base 10?
-2299
110221 (base 3) to base 4
11131
What is -135 (base 12) in base 8?
-271
625a (base 13) to base 2
11010100011011
Convert -3433 (base 6) to base 9.
-1103
Convert 200011 (base 3) to base 9.
604
What is -27651 (base 8) in base 7?
-50400
What is -111010011001010 (base 2) in base 8?
-72312
3a57 (base 13) to base 5
231403
32 (base 14) to base 6
112
Convert -13a46 (base 12) to base 7.
-142632
301 (base 14) to base 16
24d
Convert 174 (base 13) to base 12.
1a0
-6c8 (base 13) to base 5
-14203
Convert 51b8 (base 14) to base 7.
56021
23130 (base 5) to base 3
2021200
Convert 11231 (base 6) to base 8.
3103
Convert -1011000010 (base 2) to base 13.
-424
Convert 207 (base 15) to base 5.
3312
11011100100 (base 2) to base 13
a59
What is 3412 (base 6) in base 15?
385
What is -1d81 (base 16) in base 2?
-1110110000001
What is 105204 (base 7) in base 5?
1043444
Convert -1f45 (base 16) to base 7.
-32224
What is -3701 (base 13) in base 2?
-1111001011111
96 (base 12) to base 11
a4
Convert 2130 (base 9) to base 3.
2011000
Convert 11135 (base 6) to base 10.
1571
140010 (base 5) to base 8
12776
3103 (base 8) to base 13
964
What is 101111100010 (base 2) in base 3?
11011200
What is b34 (base 13) in base 15?
86c
-1010101010100100 (base 2) to base 9
-65827
Convert -37b (base 13) to base 15.
-2a9
Convert 3404 (base 7) to base 6.
5405
Convert -163 (base 11) to base 9.
-231
7a6 (base 11) to base 7
2544
-277 (base 15) to base 13
-343
What is 143205 (base 7) in base 13?
c6c9
Convert 2e51 (base 15) to base 7.
41041
Convert 1d93 (base 15) to base 3.
22211110
What is 1002201 (base 3) in base 9?
1081
12a0 (base 11) to base 13
9c6
Convert -37c (base 13) to base 14.
-318
Convert -20607 (base 8) to base 16.
-2187
What is 3002 (base 6) in base 2?
1010001010
What is 3230032 (base 4)